{"id":314,"date":"2026-03-06T10:19:45","date_gmt":"2026-03-06T10:19:45","guid":{"rendered":"https:\/\/appreteezen.com\/?page_id=314"},"modified":"2026-03-12T18:29:09","modified_gmt":"2026-03-12T17:29:09","slug":"tarifs-massages","status":"publish","type":"page","link":"https:\/\/appreteezen.com\/index.php\/tarifs-massages\/","title":{"rendered":"Tarifs &#8211; Massages"},"content":{"rendered":"\t\t<div data-elementor-type=\"wp-page\" data-elementor-id=\"314\" class=\"elementor elementor-314\" data-elementor-post-type=\"page\">\n\t\t\t\t<div class=\"aux-parallax-section elementor-element elementor-element-d25c86b e-flex e-con-boxed e-con e-parent\" data-id=\"d25c86b\" data-element_type=\"container\" data-e-type=\"container\">\n\t\t\t\t\t<div class=\"e-con-inner\">\n\t\t\t\t<div class=\"elementor-element elementor-element-e1938fa elementor-widget elementor-widget-heading\" data-id=\"e1938fa\" data-element_type=\"widget\" data-e-type=\"widget\" data-widget_type=\"heading.default\">\n\t\t\t\t\t<h2 class=\"elementor-heading-title elementor-size-default\"><span style=\"color: #c9a646\">Massages<\/span><\/h2>\t\t\t\t<\/div>\n\t\t\t\t\t<\/div>\n\t\t\t\t<\/div>\n\t\t<div class=\"aux-parallax-section elementor-element elementor-element-d8799bd e-flex e-con-boxed e-con e-parent\" data-id=\"d8799bd\" data-element_type=\"container\" data-e-type=\"container\">\n\t\t\t\t\t<div class=\"e-con-inner\">\n\t\t\t\t<div class=\"elementor-element elementor-element-7492bde elementor-widget elementor-widget-text-editor\" data-id=\"7492bde\" data-element_type=\"widget\" data-e-type=\"widget\" data-widget_type=\"text-editor.default\">\n\t\t\t\t\t\t\t\t\t<div class=\"wp-block-column is-layout-flow wp-block-column-is-layout-flow\"><p><em><strong>Relaxants<\/strong><\/em><\/p><ul class=\"wp-block-list\"><li><strong>Californien \u201ctoucher du c\u0153ur\u201d (60 min) \u2014 120 CHF<\/strong><br \/>Il est doux, \u00e9motionnel et rassurant.<\/li><li><strong>Lomi-Lomi Hawa\u00efen (60 min) \u2014 130 CHF<\/strong><br \/>Il est enveloppant, ber\u00e7ant et dansant.<\/li><li><strong>Balinais (60 min) \u2014 130 CHF<\/strong><br \/>Il est profond, musculaire et relaxant.<\/li><li><strong>Bambous Asiatique (60 min) \u2014 145 CHF<\/strong><br \/>Il est tonique, drainant et sculptant.<\/li><\/ul><p><em><strong>Minceur<\/strong><\/em><\/p><ul class=\"wp-block-list\"><li><strong>Drainage lymphatique + Modelage actif (60 min) \u2014 150 CHF<\/strong><\/li><\/ul><p><em><strong>Mon Massage Signature<\/strong><\/em><\/p><ul class=\"wp-block-list\"><li><strong>Massage sur-mesure (75 min) \u2014 160 CHF<\/strong><br \/>Un massage enti\u00e8rement personnalis\u00e9, cr\u00e9\u00e9 selon vos besoins du moment. Il m\u00eale diff\u00e9rentes techniques (relaxantes, profondes, \u00e9nerg\u00e9tiques\u2026), pour une exp\u00e9rience unique. Chaque s\u00e9ance est diff\u00e9rente, car chaque corps, chaque \u00e9motion et chaque instant le sont aussi.<\/li><\/ul><\/div><div class=\"wp-block-column is-layout-flow wp-block-column-is-layout-flow\">\u00a0<\/div>\t\t\t\t\t\t\t\t<\/div>\n\t\t\t\t\t<\/div>\n\t\t\t\t<\/div>\n\t\t<div class=\"aux-parallax-section elementor-element elementor-element-2b82316 e-flex e-con-boxed e-con e-parent\" data-id=\"2b82316\" data-element_type=\"container\" data-e-type=\"container\">\n\t\t\t\t\t<div class=\"e-con-inner\">\n\t\t\t\t<div class=\"elementor-element elementor-element-d6bc3ae elementor-widget elementor-widget-heading\" data-id=\"d6bc3ae\" data-element_type=\"widget\" data-e-type=\"widget\" data-widget_type=\"heading.default\">\n\t\t\t\t\t<h2 class=\"elementor-heading-title elementor-size-default\"><span style=\"color: #c9a646\">Forfaits<\/span><\/h2>\t\t\t\t<\/div>\n\t\t\t\t\t<\/div>\n\t\t\t\t<\/div>\n\t\t<div class=\"aux-parallax-section elementor-element elementor-element-b0ba1cb e-flex e-con-boxed e-con e-parent\" data-id=\"b0ba1cb\" data-element_type=\"container\" data-e-type=\"container\">\n\t\t\t\t\t<div class=\"e-con-inner\">\n\t\t\t\t<div class=\"elementor-element elementor-element-2f8a3e9 elementor-widget elementor-widget-text-editor\" data-id=\"2f8a3e9\" data-element_type=\"widget\" data-e-type=\"widget\" data-widget_type=\"text-editor.default\">\n\t\t\t\t\t\t\t\t\t<p><em><strong>Cures Body Reset<\/strong><\/em><\/p><p><em>Un massage relaxant, c\u2019est d\u00e9licieux. Une cure de massages, c\u2019est carr\u00e9ment strat\u00e9gique.<\/em><\/p><p>En venant r\u00e9guli\u00e8rement, le corps comprend plus vite qu\u2019il a le droit de se d\u00e9tendre. Les tensions s\u2019installent moins, le l\u00e2cher-prise arrive plus rapidement. Pour ancrer les bienfaits dans la dur\u00e9e, la cure de 10 s\u00e9ances offre au corps ce qu\u2019il pr\u00e9f\u00e8re : de la r\u00e9gularit\u00e9.<\/p><p>\u00a0<\/p><ul class=\"wp-block-list\"><li><strong>Cure Body Reset Signature (10 S\u00e9ances de 75 min) \u2014 1530 CHF<\/strong><br \/>Dix massages sur-mesure pour que la d\u00e9tente devienne une habitude. Moins de crispations, plus de l\u00e9g\u00e8ret\u00e9, et un corps qui se d\u00e9tend sans qu\u2019on ait besoin de n\u00e9gocier.<\/li><li><strong>Cure Reset Silhouette &amp; L\u00e9g\u00e8ret\u00e9 (10 S\u00e9ances Minceur de 60 min) \u2014 1350 CHF<\/strong><br \/>Associe des techniques drainantes et remodelantes pour relancer la circulation, all\u00e9ger les tissus et redessiner la silhouette progressivement. (Bienfaits : Sensation de l\u00e9g\u00e8ret\u00e9, am\u00e9lioration de la circulation, peau plus lisse et tonique).<\/li><\/ul>\t\t\t\t\t\t\t\t<\/div>\n\t\t\t\t\t<\/div>\n\t\t\t\t<\/div>\n\t\t<div class=\"aux-parallax-section elementor-element elementor-element-c3c58da e-flex e-con-boxed e-con e-parent\" data-id=\"c3c58da\" data-element_type=\"container\" data-e-type=\"container\">\n\t\t\t\t\t<div class=\"e-con-inner\">\n\t\t\t\t<div class=\"elementor-element elementor-element-51352ae elementor-align-center elementor-widget elementor-widget-button\" data-id=\"51352ae\" data-element_type=\"widget\" data-e-type=\"widget\" data-widget_type=\"button.default\">\n\t\t\t\t\t\t\t\t\t\t<a class=\"elementor-button elementor-button-link elementor-size-sm elementor-animation-grow\" href=\"https:\/\/appreteezen.com\/index.php\/elementor-page-262\/\">\n\t\t\t\t\t\t<span class=\"elementor-button-content-wrapper\">\n\t\t\t\t\t\t\t\t\t<span class=\"elementor-button-text\">Retour tarifs<\/span>\n\t\t\t\t\t<\/span>\n\t\t\t\t\t<\/a>\n\t\t\t\t\t\t\t\t<\/div>\n\t\t\t\t\t<\/div>\n\t\t\t\t<\/div>\n\t\t\t\t<\/div>\n\t\t","protected":false},"excerpt":{"rendered":"<p>Massages Relaxants Californien \u201ctoucher du c\u0153ur\u201d (60 min) \u2014 120 CHFIl est doux, \u00e9motionnel et rassurant. Lomi-Lomi Hawa\u00efen (60 min) \u2014 130 CHFIl est enveloppant, ber\u00e7ant et dansant. Balinais (60 min) \u2014 130 CHFIl est profond, musculaire et relaxant. Bambous Asiatique (60 min) \u2014 145 CHFIl est tonique, drainant et sculptant. Minceur Drainage lymphatique + [&hellip;]<\/p>\n","protected":false},"author":1,"featured_media":0,"parent":0,"menu_order":0,"comment_status":"closed","ping_status":"closed","template":"","meta":{"footnotes":""},"class_list":["post-314","page","type-page","status-publish","hentry"],"_links":{"self":[{"href":"https:\/\/appreteezen.com\/index.php\/wp-json\/wp\/v2\/pages\/314","targetHints":{"allow":["GET"]}}],"collection":[{"href":"https:\/\/appreteezen.com\/index.php\/wp-json\/wp\/v2\/pages"}],"about":[{"href":"https:\/\/appreteezen.com\/index.php\/wp-json\/wp\/v2\/types\/page"}],"author":[{"embeddable":true,"href":"https:\/\/appreteezen.com\/index.php\/wp-json\/wp\/v2\/users\/1"}],"replies":[{"embeddable":true,"href":"https:\/\/appreteezen.com\/index.php\/wp-json\/wp\/v2\/comments?post=314"}],"version-history":[{"count":10,"href":"https:\/\/appreteezen.com\/index.php\/wp-json\/wp\/v2\/pages\/314\/revisions"}],"predecessor-version":[{"id":669,"href":"https:\/\/appreteezen.com\/index.php\/wp-json\/wp\/v2\/pages\/314\/revisions\/669"}],"wp:attachment":[{"href":"https:\/\/appreteezen.com\/index.php\/wp-json\/wp\/v2\/media?parent=314"}],"curies":[{"name":"wp","href":"https:\/\/api.w.org\/{rel}","templated":true}]}}